In base 8, what is -7052 + -253?
-7325
In base 4, what is -20 - 131323012?
-131323032
In base 8, what is -173710 - -5?
-173703
In base 9, what is 46240 - 12?
46227
In base 15, what is -1dbb + 2?
-1db9
In base 16, what is -2be54 - 0?
-2be54
In base 12, what is 37944b + 3?
379452
In base 11, what is 9a35 - 2?
9a33
In base 3, what is -1010 + 221020110?
221012100
In base 15, what is -3 - -142b?
1428
In base 16, what is -150 + -2049?
-2199
In base 3, what is -1 - 1011220101?
-1011220102
In base 7, what is 65120 + -2?
65115
In base 4, what is 1110031 + -10330?
1033101
In base 10, what is 44 + 623?
667
In base 16, what is -488d - 2?
-488f
In base 9, what is 373 - -62?
445
In base 13, what is 83 + -11a?
-67
In base 4, what is -110232133 + -101?
-110232300
In base 12, what is 4 + 51864?
51868
In base 8, what is 17010644 + -1?
17010643
In base 11, what is -170417 + 0?
-170417
In base 6, what is 1 - -1042?
1043
In base 9, what is 3 + 221252?
221255
In base 7, what is -3265523 - 0?
-3265523
In base 14, what is 849 - -2c?
877
In base 7, what is 35 + -132103?
-132035
In base 13, what is -4 + 4a85?
4a81
In base 11, what is -329 - -a48?
71a
In base 4, what is -31 - 121122030?
-121122121
In base 9, what is -11770 - -1?
-11768
In base 7, what is -231665 - 6?
-232004
In base 9, what is 5 - -4540?
4545
In base 8, what is 2 + -70702?
-70700
In base 15, what is c - 534ae?
-534a2
In base 7, what is 13113 + 41?
13154
In base 15, what is -2d - -4dc?
4ae
In base 2, what is -11100011100 + 1100?
-11100010000
In base 6, what is -244131 + -11?
-244142
In base 2, what is 100110111111111010100 - 100?
100110111111111010000
In base 14, what is 28 + -591?
-567
In base 15, what is 29386 - -6?
2938c
In base 11, what is 10 + -5745?
-5735
In base 12, what is -3 - -11157?
11154
In base 9, what is -75 + -246?
-332
In base 12, what is 20b9 - 24?
2095
In base 5, what is 14134323 + 1?
14134324
In base 13, what is -4 + -14614?
-14618
In base 6, what is 2 - -110215?
110221
In base 3, what is 11222 + 21022211?
21111210
In base 13, what is -10 - 3072?
-3082
In base 6, what is -3001001 - 1?
-3001002
In base 3, what is -12 + 1012000012?
1012000000
In base 8, what is 143 + -11572?
-11427
In base 7, what is -36006 + 12?
-35664
In base 15, what is 60 - 2b2a?
-2aba
In base 4, what is 303031 + -120?
302311
In base 15, what is -96 + 718?
672
In base 4, what is -1 + -101012123?
-101012130
In base 11, what is -867 - -6?
-861
In base 12, what is b61 + -a70?
b1
In base 3, what is 1111022 - -10211111?
12022210
In base 9, what is -270 + -34?
-314
In base 16, what is -5 - aa8?
-aad
In base 9, what is 0 - -542228?
542228
In base 4, what is 220033 + -12?
220021
In base 2, what is -1011010100 + 11?
-1011010001
In base 12, what is 118 + 1109?
1225
In base 15, what is -1b - 3175?
-3191
In base 9, what is -3835310 - -1?
-3835308
In base 11, what is -136279 - 4?
-136282
In base 8, what is 566301 - -5?
566306
In base 4, what is -11210 + -30301?
-102111
In base 13, what is -44a60 - 0?
-44a60
In base 4, what is 1010 - 11110010?
-11103000
In base 11, what is -440 - -1716?
1286
In base 15, what is -945 + 352?
-5e3
In base 4, what is 233032 - -103?
233201
In base 16, what is -1936c + -3?
-1936f
In base 6, what is 51 + -222214?
-222123
In base 13, what is -49776 + 6?
-49770
In base 12, what is 362 - 2263?
-1b01
In base 7, what is 0 - -1446564?
1446564
In base 6, what is -1420 + 12514?
11054
In base 16, what is -1 + 1?
0
In base 3, what is -20012202 + 100111?
-12212021
In base 7, what is -21403 - 15?
-21421
In base 2, what is 101 + -10101010011101?
-10101010011000
In base 15, what is -1eec1 + 1?
-1eec0
In base 16, what is 0 + -49be?
-49be
In base 3, what is -22001022201 - 2?
-22001022210
In base 2, what is 1001100101000100 - 100?
1001100101000000
In base 13, what is 4 + 2287b?
22882
In base 8, what is 62 - 15003?
-14721
In base 3, what is 102212100 + -21012?
102121011
In base 10, what is 144285 - 4?
144281
In base 9, what is 1688 + 12?
1711
In base 15, what is 28ad + -1?
28ac
In base 15, what is -5 - 3e29b?
-3e2a1
In base 2, what is 110101001 - -111010?
111100011
In base 8, what is 47502 + 3?
47505
In base 3, what is -2011 - 1221001?
-2000012
In base 13, what is 2061a + -1?
20619
In base 11, what is -4 + 7702?
76a9
In base 7, what is 0 + -303434?
-303434
In base 14, what is -4d1b6 - 4?
-4d1ba
In base 10, what is 5 + 5919?
5924
In base 14, what is -63 - -990?
92b
In base 14, what is -2608 + -b?
-2615
In base 4, what is -311330 + -3133?
-321123
In base 4, what is 220 - -100111?
100331
In base 7, what is -106431 + -3?
-106434
In base 9, what is -4826 - -660?
-4156
In base 5, what is 1 + 1302023?
1302024
In base 10, what is 78 + 9053?
9131
In base 3, what is -20 - -120222020101?
120222020011
In base 6, what is -101 + 51543?
51442
In base 14, what is -50633 - -6?
-5062b
In base 7, what is 11406 + -122?
11254
In base 7, what is 243620 - 0?
243620
In base 5, what is -20343 + 110?
-20233
In base 14, what is 1 - 4494?
-4493
In base 7, what is -35526 - -6?
-35520
In base 8, what is -5 + 10260?
10253
In base 11, what is -868 + -37?
-8a4
In base 11, what is -11 - 1682?
-1693
In base 15, what is 9ca1 - 4?
9c9c
In base 13, what is 5153b5 + 4?
5153b9
In base 13, what is 6a49c - 5?
6a497
In base 7, what is -105012 - 0?
-105012
In base 9, what is 25 - 7244?
-7218
In base 15, what is 4 - -1393c?
13941
In base 3, what is 1 + 10000001?
10000002
In base 13, what is 21 + -154?
-133
In base 12, what is b + 493?
4a2
In base 12, what is 275 - 489?
-214
In base 7, what is -60514 + -43?
-60560
In base 11, what is 1959 + -78?
1891
In base 15, what is -8d96 - -3?
-8d93
In base 12, what is 759 - -72?
80b
In base 10, what is -4236 - -262?
-3974
In base 6, what is 10 + -25413?
-25403
In base 14, what is -1a28 + -3?
-1a2b
In base 14, what is 31 + 1cb?
21c
In base 6, what is 1220521 + -13?
1220504
In base 6, what is 354 - 12103?
-11305
In base 11, what is -456 + 246?
-210
In base 4, what is -1103 - -311?
-132
In base 8, what is 532 - -16221?
16753
In base 2, what is 10111011010111000010 + -10?
10111011010111000000
In base 2, what is -11101011 + 1101011001001?
1100111011110
In base 2, what is 1000111011011100 - 10110?
1000111011000110
In base 12, what is 20a0b - -5?
20a14
In base 5, what is -11 + -1131021?
-1131032
In base 14, what is -a1 + 121a?
1159
In base 15, what is 16 + -1c647?
-1c631
In base 14, what is d36 + a?
d42
In base 14, what is -765 + 61b?
-148
In base 9, what is 121 + 150?
271
In base 7, what is -216 - -2330?
2111
In base 9, what is -443 + 4534?
4081
In base 16, what is -2721 - -ea?
-2637
In base 3, what is 21012 + 11021?
102110
In base 12, what is 2b5a + 0?
2b5a
In base 9, what is -5 - 12761?
-12766
In base 10, what is 3 - -10222?
10225
In base 4, what is 32 - -1111313?
1112011
In base 6, what is 24552 + 135?
25131
In base 15, what is -1a6e0 - -11?
-1a6ce
In base 13, what is -19 + 2c6?
2aa
In base 11, what is 776 + 943?
1609
In base 4, what is -10 - -103102212?
103102202
In base 9, what is -13 + -26572?
-26585
In base 14, what is 5d4 + 4?
5d8
In base 10, what is 80 - -11827?
11907
In base 10, what is -4 - -8924?
8920
In base 13, what is -27 - -c598?
c571
In base 8, what is -1 - 2265233?
-2265234
In base 11, what is 3 - -7a295?
7a298
In base 7, what is 3 - 25236?
-25233
In base 14, what is -10d5a - 19?
-10d75
In base 3, what is 22022020022 - 1?
22022020021
In base 5, what is -310310 + 424?
-304331
In base 6, what is -3 + 3132341?
3132334
In base 14, what is 4a - 837?
-7cb
In base 2, what is -11001111110 + 110?
-11001111000
In base 14, what is 636dd - -1?
63700
In base 2, what is 100 + 1010111010110111?
1010111010111011
In base 6, what is 2 + -540025?
-540023
In base 16, what is -1 - -22bf?
22be
In base 2, what is 1 + 111010100101?
111010100110
In base 8, what is -65 + 31566?
31501
In base 11, what is 4a739 - 7?
4a732
In base 3, what is -101 - -110022221?
110022120
In base 7, what is -6605345 + 1?
-6605344
In base 6, what is -1011510 - -112?
-1011354
In base 2, what is -101 + 100111100110100?
100111100101111
In base 5, what is -4 + 32441301?
32441242
In base 15, what is 0 - 197c88?
-197c88
In base 14, what is -29cd + -2?
-29d1
In base 4, what is 0 - -2230322?
2230322
In base 13, what is -31 + -256b?
-259c
In base 16, what is 11fc - -1